3*p**2 - 15*p - 8. Let y be z(7). Let g = y - 21. Calculate the highest common divisor of g and 1.
1
Suppose 5*a = 25, -s = -a + 29 - 108. Let h = s + -45. Calculate the highest common factor of h and 13.
13
Suppose -g + 2*a = 2*g - 20, 0 = 4*g - 2*a - 24. Suppose 22 = q + g*d - 5*d, -4*d = 2*q - 32. What is the greatest common divisor of 20 and q?
20
Suppose u - 2 = 1. Suppose 4*p + 3*m - 165 = 0, 0 = -p + 6*p + 5*m - 200. Suppose 6*x - p - 81 = 0. What is the highest common divisor of u and x?
3
Let m = 134 - 89. Suppose 0 = 10*n - 13*n + m. Let g = 34 + -19. What is the highest common divisor of n and g?
15
Let g(q) = -2*q**2 + 32*q - 21. Let o be g(15). Suppose -o*z = -120 - 204. Calculate the highest common divisor of 24 and z.
12
Let j = -71 - -74. Calculate the highest common factor of j and 5.
1
Let a(w) = 5*w + 27. Let x be a(0). What is the greatest common factor of x and 81?
27
Let g(k) = 48*k + 66. Let t be g(-1). Calculate the greatest common divisor of t and 414.
18
Let s be 0/1 - (-6 + 1). Calculate the highest common factor of 145 and s.
5
Let t(n) = -41*n - 200. Let b be t(-5). Suppose 4*r = 3*w - 322 + 29, 0 = -3*r - 6. Calculate the highest common factor of b and w.
5
Let m be (-6)/(-24) + (-1259)/(-4) + -1. Suppose 6 - m = -4*a + 5*y, 204 = 3*a + 3*y. Calculate the greatest common factor of 9 and a.
9
Let n be (-315)/14*(-4)/6. Suppose -7*y = -2*y - n. Let m(j) = 8*j**3 - j**2 - j + 3. Let f be m(y). Calculate the highest common factor of 23 and f.
23
Let r(q) = -q**2 - 12*q - 4. Let t be r(-15). Let k = 9 - t. What is the greatest common divisor of k and 145?
29
Let j(u) = 2*u**3 + 21*u**2 - 25*u + 16. Let g be j(-11). Calculate the highest common factor of 102 and g.
34
Let c(f) = f**2 + 3*f. Let d be c(-5). Suppose 6*u - 4 = 4*u - s, -4*s = -5*u + d. Suppose 0 = -u*g + 5*g - 27. Calculate the highest common divisor of g and 9.
9
Let h(l) = 6*l**2 + 26*l - 3. Let d be h(-11). What is the highest common divisor of d and 115?
23
Let t = -4199 + 4212. Suppose -j + 2*o + 17 = 0, -6*j - o + 63 = -j. Calculate the highest common factor of j and t.
13
Let z = -5 + 9. Let g = -57 + 127. Suppose 5*j = -2*j + g. What is the highest common factor of z and j?
2
Suppose 48 = 2*r - 6*o + 8*o, -2*o = 4. What is the greatest common divisor of 39 and r?
13
Let m(a) = 186*a + 614. Let n be m(-3). What is the greatest common factor of 812 and n?
28
Suppose 0 = -3*v + 4*k + 44, 4 = 5*k - 1. Calculate the greatest common factor of v and 10.
2
Let b(n) = 8*n**2 - 2*n + 13. Let c be b(4). Let r = c - 98. What is the highest common factor of 5 and r?
5
Suppose 2*l + 0*l - 16 = -3*c, 2*l = 3*c + 4. Suppose 0 = 4*g - l*a + 4*a - 126, -3*a = -3*g + 90. Calculate the highest common factor of 80 and g.
16
Let m be 1*8/(-2)*11/(-2). Suppose -2*x + m = 2*c, -3*x - 2 + 29 = 2*c. Calculate the highest common divisor of 6 and c.
6
Let p(c) = -c**3 + 6*c**2 - 3*c - 10. Let g be p(5). Suppose g = 12*q - 8*q - 72. Calculate the greatest common factor of q and 54.
18
Let w be (2/6)/((-3)/(-18)). Suppose -2*d = -3*d + 5. Suppose -w*h - 80 = -d*o + h, 4*o = -4*h + 32. Calculate the highest common factor of o and 52.
13
Let b(w) = -w**3 - 10*w**2 + 9*w - 21. Let l be b(-11). What is the highest common factor of 9 and l?
1
Suppose -q + 5*o - 20 = 0, -6*o = q - o - 10. Let s be (3/q)/((-7)/35). Suppose 24 = s*w - w. Calculate the greatest common divisor of 3 and w.
3
Suppose -14*l = -1399 - 757. Let a = 90 - 20. Suppose 5*c + m - a = -0*m, 0 = -c + 3*m + 14. Calculate the highest common divisor of l and c.
14
Let s = -13 - -17. Let z(a) = 62*a - 2. Let v be z(s). Suppose -p = b - 62, -5*b + b = 3*p - v. Calculate the highest common divisor of b and 20.
20
Suppose 65*l - 280 = 58*l. Suppose -3*s = 2*v - 606, 3*v = -s + 2*s - 191. Calculate the greatest common factor of s and l.
40
Suppose -2*q - 5 + 15 = 0. Let y be q/(8 - 3)*1. What is the greatest common divisor of 5 and y?
1
Let b(v) = -19*v + 594. Let x be b(0). What is the greatest common divisor of 44 and x?
22
Let f = -54 + 910. What is the greatest common factor of f and 8?
8
Let l(g) = -g + 22. Let b be l(8). What is the greatest common divisor of b and 574?
14
Let n be 15/2*(7 - 1). Suppose -2*p + 4*o = -72, 9*o = 3*p + 12*o - 108. Calculate the greatest common factor of p and n.
9
Let u(n) = n**2 - 46*n - 159. Let z be u(67). Calculate the highest common divisor of z and 36.
12
Let c = -113 - -680. Let g be c/(-35) + (-2)/(-10). Let m be (3/(-6))/(4/g). Calculate the highest common factor of 18 and m.
2
Let w be 12/(-54) - (-4612)/18. Calculate the highest common factor of w and 192.
64
Let g(m) = 2*m**2 + 15*m + 2. Let n be g(-8). Calculate the highest common factor of 470 and n.
10
Suppose 0 = -5*w - 15, 2*f - w = -3*w - 208. Let j = -77 - f. What is the highest common divisor of 108 and j?
12
Let b = 59 + -14. Let p be 36/(-15)*(-30)/4. Calculate the greatest common factor of b and p.
9
Suppose 5*d = 2*k + 419, -3*k + 1 + 263 = 3*d. What is the highest common divisor of 1700 and d?
85
Let k = 76 + 118. Suppose -3*z + k = -31. What is the greatest common divisor of 30 and z?
15
Let i(d) = d**3 + 21*d**2 + 17*d - 29. Let g be i(-20). Calculate the greatest common factor of g and 589.
31
Suppose -10*d + 660 = -22*d. Let t = 355 + d. Calculate the greatest common factor of t and 12.
12
Let x be (183 - 1)*3/6. Let l be 378/x + (-6)/39. Suppose l*q = 38 + 14. Calculate the greatest common factor of 65 and q.
13
Let q = -7 - -12. Suppose -12 = -q*y + 13. Suppose 3*g = 3*s - 5 - 70, -y*s = 5*g - 135. Calculate the highest common factor of 65 and s.
13
Suppose -2*f - 7 = 3*l, 2*f + 21 = f - 5*l. Let o be (1 - -73) + -1 + 3. Suppose 7*q + 12 = 4*q, 5*q - o = -f*a. What is the highest common factor of 36 and a?
12
Let c(r) = 12*r**2 - 8*r + 6. Let j be c(2). What is the highest common factor of j and 608?
38
Let u(y) = -y - 4. Let a be u(-9). Suppose -3 = 2*w - a. Let v be (2 - w)*(-540)/(-20). Calculate the greatest common factor of v and 9.
9
Let u(z) = z**2 - 6*z + 6. Let d = -7 + 8. Let v be 3/(-9)*(-20 - d). Let j be u(v). What is the highest common divisor of 117 and j?
13
Let w be (39 + -3)/(-6)*(-45)/6. Suppose d = 194 + 121. What is the highest common divisor of w and d?
45
Let k = -104 + 179. Let h be 3/9 + k/(-9). Let j be ((-22)/(-4))/((-4)/h). Calculate the highest common divisor of 77 and j.
11
Suppose -127*u = -137*u + 950. What is the highest common divisor of 38 and u?
19
Suppose -u - 18 = -3*u. Let l = -7 - -8. Calculate the greatest common divisor of u and l.
1
Suppose -5*r + v = -1872, -2*r + 120 = 4*v - 642. What is the greatest common divisor of 10 and r?
5
Suppose -11*n = -12*n. Suppose p + 5*w + 11 = n, -p = 4*w + 5 + 1. Calculate the greatest common factor of p and 14.
14
Let c = -10 + 11. Let j be (-1 - 0)*c - -23. Let l(h) = h**3 + 2*h**2 - 2*h - 1. Let g be l(2). Calculate the greatest common factor of g and j.
11
Suppose -5*l = -2*l - 12. Suppose 0 = -2*u - m + l*m + 19, -2*u + 20 = -4*m. What is the highest common factor of 64 and u?
8
Suppose 46 = 3*z + 4*x, -8*z = -5*z - x - 56. Calculate the highest common factor of 171 and z.
9
Suppose -7 = y - 11. Suppose 0 = 5*f - 9 + y. What is the greatest common factor of f and 2?
1
Let n(g) = -3*g - 44. Let h be n(-14). Let o be (13/(-39))/(h/6). Calculate the greatest common factor of o and 5.
1
Suppose -6*x + 63 = x. Suppose v + x = 16. Let n(f) = f + 9. Let l be n(-8). Calculate the highest common factor of l and v.
1
Let c(l) = -l**3 + 16*l**2 + 7*l - 53. Let t be c(16). What is the highest common factor of t and 413?
59
Let r be 157 - (13 + 4/(-4)). What is the greatest common divisor of 29 and r?
29
Suppose 195*f + 195 = 210*f. What is the greatest common factor of 104 and f?
13
Let m be ((-3)/(-4) - 0)*72. Suppose -261 = -9*j - 18. Calculate the highest common divisor of j and m.
27
Let u = -31 + 32. Let g be 0 + 11 + (1 - u). Calculate the greatest common factor of 55 and g.
11
Suppose -4*c = b + 1, -1 = -4*b + 4*c - 5. Let u be 2/6*(b + 19). What is the highest common divisor of u and 9?
3
Let m = -175 + 171. Let g(t) = t**3 + 7*t**2 + 3*t + 8. Let r be g(-7). Let v be r/m - (-18)/24. What is the highest common divisor of 16 